Suppose -3*z = -0 - m. What is the remainder when 2 is divided by z?
0
Suppose 4*a - 14 = -3*z, 0*z - 2 = 2*a - 3*z. Calculate the remainder when 37 is divided by 19 - 1/a*-2.
17
Suppose a - 2*a + 2 = 0. What is the remainder when (-21)/(-6) + 6/4 is divided by a?
1
Let n(h) = -10*h - 87. What is the remainder when 42*((-2)/(-4) - 0) is divided by n(-10)?
8
Let x = 134 - 126. What is the remainder when 29 is divided by x?
5
Let v = -77 + -9. Let f = v + 131. Suppose 2*h + 0*h + y = 28, 2*h - 32 = -2*y. Calculate the remainder when f is divided by h.
9
What is the remainder when 34 is divided by 0 + (-5 - (-60)/4)?
4
Suppose w - 42 = -w + 2*s, 5*w - 2*s - 111 = 0. Calculate the remainder when ((-4)/5)/(6/(-330)) is divided by w.
21
Suppose 0 = -s + 1 + 1. Suppose 110 = s*f + 3*f - 5*a, 4*f = 5*a + 91. What is the remainder when 56 is divided by f?
18
Let n = -29 - -61. What is the remainder when n is divided by 11?
10
Suppose -5*w - 25 = 0, -1 = 2*a - 2*w + 7*w. Calculate the remainder when a is divided by 4.
0
Suppose -4*i + 35 = -i - 5*u, 5*i - 4*u = 80. Let w(z) = 12*z**2 - 1. Calculate the remainder when i is divided by w(-1).
9
Let j(l) = l**2 + 3. Let x be j(0). Suppose -990 = -2*i - x*i. Suppose -i + 60 = -3*b. Calculate the remainder when b is divided by 12.
10
Suppose 105 = 5*z - 2*z. What is the remainder when 139 is divided by z?
34
Suppose -4*g - 60 = -9*g. Suppose 0 = -5*v + a + 750, a = v + 5*a - 129. Suppose -v + 9 = -4*p. Calculate the remainder when p is divided by g.
11
Suppose 4*b - 28 = 28. Calculate the remainder when 40 is divided by b.
12
Suppose 4*y - 7 = 9. Suppose 4*u + 0*u = y. Calculate the remainder when 2 is divided by u.
0
Calculate the remainder when 132 + (1 - (7 + -2)) is divided by 33.
29
Suppose -12 = o + 2*z - 43, -o = -2*z - 35. Suppose 3*s - o = -0*s. Calculate the remainder when 20 is divided by s.
9
Let p = 148 + -88. What is the remainder when p is divided by 19?
3
Let j(b) = -b**2 - 3*b + 56. What is the remainder when 31 is divided by j(-8)?
15
Let b(f) = -f + 21. What is the remainder when 35 is divided by b(12)?
8
Let b(j) = -j**2 - 5*j + 9. Calculate the remainder when 26 is divided by b(-5).
8
Suppose -2 = -4*o + 6. Suppose -2*v + s = -6, 4*s = -0 + 8. Let b(w) = -w**3 + 4*w**2 + w - 1. Calculate the remainder when b(v) is divided by o.
1
Let y(c) = -c**3 + c**2 - 4*c - 3. Let z(j) = j**3 + j**2 - 2*j - 2. Let s be z(-2). What is the remainder when 33 is divided by y(s)?
16
Suppose 2*y + r = -2*r - 26, 29 = -3*y - 2*r. Let u(a) = a - 1. Let c(t) = 1. Let s(d) = -2*c(d) - u(d). Calculate the remainder when 16 is divided by s(y).
4
Let v(h) = -h**3 - 3*h**2 + 2*h - 1. Let y be v(-3). Let g = 4 - y. What is the remainder when 41 is divided by g?
8
Let o(t) = -3*t + 6. Let p = -5 + -4. Let q = 51 - 34. Calculate the remainder when o(p) is divided by q.
16
Suppose -d = 4*d + 4*z - 57, 48 = 4*d + 2*z. Suppose -m = -2*m + 9. Let l(h) = 3*h + 10. What is the remainder when l(m) is divided by d?
11
What is the remainder when 226 is divided by (-1190)/(-63) - (-3)/27?
17
Let d(r) = r**3 + 3 + 5*r + 1 + r**3 - 4*r**3. Let j be d(-3). Suppose j = 4*f - 73. Calculate the remainder when f is divided by 10.
9
Calculate the remainder when 185/7 + 27/(-63) is divided by 10.
6
Suppose 0 = 2*m + 3*m. Suppose -y - 3*y + 36 = m. Let q = -4 + 21. Calculate the remainder when q is divided by y.
8
Suppose 33 = 5*y - 7. What is the remainder when 22 is divided by y?
6
Let k(y) = y**2 + 4. What is the remainder when k(4) is divided by (-4)/((-4)/(-10)*-1) - -1?
9
Let k be 1/6 - (-2)/(-12). Suppose 35 = u - k*u. Suppose -2*f - 1 = 1, -5*f = -3*v + u. Calculate the remainder when 28 is divided by v.
8
Suppose t = -0*t - 1. Suppose -4 = 2*q + p, 1 = -3*p - 5. Calculate the remainder when 32 is divided by q/(-1*t/(-11)).
10
Let s(i) = -i**2 + 2*i + 2. Suppose 9 = k - 8*y + 3*y, -2 = 2*y. Let v be s(k). Calculate the remainder when 19 is divided by ((-14)/v)/((-3)/(-9)).
5
Suppose 0 = -4*a - 5 - 11. Let b be 2 - -1 - (a - -5). Suppose o - 26 = -x - o, 77 = b*x - o. What is the remainder when x is divided by 19?
17
Calculate the remainder when (24/(-36))/(2/(-69)) is divided by 5.
3
Let n(j) = j**2 + 12*j + 24. Calculate the remainder when n(-10) is divided by 2.
0
Calculate the remainder when 564/(-8)*2/(-3) is divided by 10.
7
Suppose 6 + 4 = -2*o. Let b be (-6)/o - (-1)/(-5). What is the remainder when (12/30)/(b/60) is divided by 13?
11
Let i(s) = -12*s - 11*s + 9*s - 2. Let k be i(-2). Let z = k - 15. Calculate the remainder when z is divided by 4.
3
Suppose -6*x = 2*f - 2*x - 52, -3*x + 69 = 3*f. Calculate the remainder when 59 is divided by f.
19
Suppose 22 = -h - 16. Let a be -2 + (0 - 0) - h. Calculate the remainder when 35 is divided by ((-8)/2)/((-8)/a).
17
Calculate the remainder when 4 + 3/(-2)*462/(-9) is divided by 30.
21
Suppose 3*y + 2*g - 22 = -2*g, 0 = 2*g - 8. What is the remainder when y/4 - (-26)/4 is divided by 4?
3
Calculate the remainder when 26 is divided by 4/(-10) - (-3)/(-15)*-37.
5
Let j(d) = d + 11. Let n be j(-6). Calculate the remainder when 53 is divided by (-138)/(-10) + 1/n.
11
Let b(j) = -j**3 - 5*j**2 + j + 7. Suppose -3*s - 4 = -5*s. Calculate the remainder when s is divided by b(-5).
0
Suppose -s - 3*t + 7 = -2, -5*s = t - 101. Let r(w) = 3*w + 1. Let b be r(-2). Let f = s + b. What is the remainder when 45 is divided by f?
13
Suppose -u + q = -2*q - 216, 4*u = 4*q + 888. Suppose x = -4*x + u. What is the remainder when x is divided by 16?
13
Let y be (2 + -5)/(-3) - 1. Suppose 2*i - 87 - 27 = y. Calculate the remainder when i is divided by ((-30)/4)/(3/(-6)).
12
Let j(n) = n**3 - 12*n**2 + 12*n - 6. Let k be j(11). Suppose g + 49 = d - 13, -k*d - 3*g + 318 = 0. What is the remainder when d is divided by 13?
11
Let x = 1 + 4. What is the remainder when 2 + 12/(-4) + 9 is divided by x?
3
Calculate the remainder when 8 is divided by ((-1)/1)/(17/(-34)).
0
Let g be -4 + 2 + (2 - 0). Let r(h) = -h**2 + h - 20. Let k be r(g). Let n = -9 - k. Calculate the remainder when n is divided by 4.
3
Let s(m) = 2*m**3 + 5*m**2 + 3*m - 3. Let c be s(-3). What is the remainder when (-6)/c + 47/7 is divided by 5?
2
Suppose -k - 34 = -o - 2*k, 4*o - 4*k - 168 = 0. What is the remainder when o is divided by 14?
10
Suppose 0 = -2*y + 2*r + 16, 4*y = 4*r - 7*r + 53. What is the remainder when 18 is divided by y?
7
Suppose 0*u + 125 = 5*u. Let m = -19 + u. Calculate the remainder when 16 is divided by m.
4
Let y = -7 - -13. What is the remainder when 14/y*84/4 is divided by 6 - 4 - (-1 - 22)?
24
Suppose 0*i = -3*i + 9. Let o(t) = -t + 8. What is the remainder when o(0) is divided by i?
2
Let p be (-2)/4 + (-39)/(-2). Let f = 37 - p. What is the remainder when f is divided by 10?
8
Let u(b) = 14*b**3 + b**2 - 1. Let p be (-3)/(-5) - 8/(-20). Let n(w) = w**2 + 4*w - 5. What is the remainder when n(5) is divided by u(p)?
12
Suppose 2*q - 2*y = 0, -4*q - 5*y + 3 = -6. Suppose 5*x - 5*u - 45 = -10*u, -2*u + 6 = -x. What is the remainder when -1 + 4/x - -2 is divided by q?
0
Suppose 2 + 2 = g. Calculate the remainder when 14 is divided by (36/(-8))/((-2)/g).
5
Let z = -1 + 21. What is the remainder when z is divided by 7?
6
Let i(v) = 9*v + 1. What is the remainder when i(4) is divided by 14?
9
Let w(l) = l**2 + 16*l + 7. Calculate the remainder when 40 is divided by w(-16).
5
Let g(s) = s**3 - 2*s**2 + 2. What is the remainder when g(4) is divided by 12?
10
Suppose -2*k - 11 = -69. Let u = -4 + -5. What is the remainder when k is divided by 6/(-9) - 150/u?
13
Let c(f) = f**3 + 3*f**2 - 3*f - 4. Let s be c(-3). Suppose s*y + 2*u - 177 = -2*u, -u = -3. Calculate the remainder when y is divided by 18.
15
What is the remainder when 10 is divided by 4/(-10) - (-220)/50?
2
Let q = 79 - 36. What is the remainder when q is divided by 11?
10
Let y be 3*1*4/(-12). Suppose 5*w - 59 + 14 = 0. Let r = w - y. What is the remainder when 27 is divided by r?
7
Let b(z) = -z**2 + 12*z + 11. Calculate the remainder when 39 is divided by b(12).
6
Let h(i) = i - 4*i + 18*i**2 - 2*i + 2 + 3*i. Let q be h(2). Suppose 0*r - f = -3*r + 56, -3*f = 5*r - q. What is the remainder when 50 is divided by r?
16
Let r be (-19 + 7)*1/(-2). Let s